{"id":21,"date":"2021-12-23T10:45:07","date_gmt":"2021-12-23T09:45:07","guid":{"rendered":"http:\/\/www.msshkg.com.ba\/?page_id=21"},"modified":"2022-03-17T08:26:40","modified_gmt":"2022-03-17T07:26:40","slug":"o-skoli","status":"publish","type":"page","link":"https:\/\/www.msshkg.com.ba\/index.php\/o-skoli\/","title":{"rendered":"O \u0161koli"},"content":{"rendered":"\r\n<figure class=\"wp-block-image size-medium is-resized is-style-default\" style=\"text-align: justify;\"><img loading=\"lazy\" decoding=\"async\" class=\"wp-image-65\" src=\"https:\/\/www.msshkg.com.ba\/wp-content\/uploads\/2021\/12\/MSSHK-300x228.jpg\" alt=\"\" width=\"300\" height=\"228\" srcset=\"https:\/\/www.msshkg.com.ba\/wp-content\/uploads\/2021\/12\/MSSHK-300x228.jpg 300w, https:\/\/www.msshkg.com.ba\/wp-content\/uploads\/2021\/12\/MSSHK-1024x779.jpg 1024w, https:\/\/www.msshkg.com.ba\/wp-content\/uploads\/2021\/12\/MSSHK-768x584.jpg 768w, https:\/\/www.msshkg.com.ba\/wp-content\/uploads\/2021\/12\/MSSHK-1536x1169.jpg 1536w, https:\/\/www.msshkg.com.ba\/wp-content\/uploads\/2021\/12\/MSSHK.jpg 1565w\" sizes=\"auto, (max-width: 300px) 100vw, 300px\" \/><\/figure>\r\n\r\n\r\n\r\n<p style=\"text-align: justify;\">Javna ustanova\u00a0<em><strong>Mje\u0161ovita srednja \u0161kola \u201eHasan Kiki\u0107\u201c Grada\u010dac\u00a0<\/strong><\/em>je savremena odgojno-obrazovna ustanova za stru\u010dno i tehni\u010dko obrazovanje mladih sa tradicijom dugom preko\u00a0<strong>50 godina<\/strong>.<\/p>\r\n\r\n\r\n\r\n<p style=\"text-align: justify;\">Spajanjem Gimnazije \u201eHasan Kiki\u0107\u201c Grada\u010dac i isturenih odjeljenja \u0160kole u\u010denika u privredi i \u0161kole za prakti\u010dnu nastavu \u201eMladi radnik\u201c u Gra\u010danici\u00a0 &#8211; odjeljenje u Grada\u010dcu, januara 1974. godine je formiran Srednjo\u0161kolski centar \u201eHasan Kiki\u0107\u201c Grada\u010dac.\u00a0 \u0160kola je imala 634 u\u010denika u 21 odjeljenju, a\u00a0 izu\u010davale su se struke: op\u0161ta (gimnazija), drvoprera\u0111iva\u010dka, hemijska, metalska i tekstilna. Centar je zapo\u0161ljavao 36 radnika. Naziv \u0161kole: Srednjo\u0161kolski centar \u201eHasan Kiki\u0107\u201c\u00a0 Grada\u010dac, 2002. godine je promijenjen u naziv: Mje\u0161ovita srednja \u0161kola \u201cHasan Kiki\u0107\u201c Grada\u010dac. \u0160kola je 1999. godine uselila u novoizgra\u0111enu zgradu u kojoj se i danas nalazi.<\/p>\r\n\r\n\r\n\r\n<p style=\"text-align: justify;\">\u0160kolska zgrada zajedno sa salom za tjelesni odgoj ima ukupno 3450 metara kvadratnih korisnog prostora i 800 metara kvadratnih prostora u vlastitim radionicama prakti\u010dne nastave. Nastava se izvodi u 18 u\u010dionica op\u0107eg\u00a0 tipa, 8 radionica za prakti\u010dnu nastavu, 7 ra\u010dunarskih kabineta (2 kabineta za potrebe informatike, 3 kabineta za potrebe izvo\u0111enja stru\u010dno-teorijske i prakti\u010dne nastave elektrotehni\u010dke, ma\u0161inske, tekstilne, ekonomske i gra\u0111evinske struke i 2 kabineta za izvo\u0111enje nastave stranih jezika), amfiteatar te sala za tjelesni i zdravstveni odgoj.<\/p>\r\n\r\n\r\n\r\n<p style=\"text-align: justify;\">\u0160kola ima 127 uposlenika, od \u010dega je 112 uposlenih nastavno osoblje, 14 vannastavno osoblje i 1 spoljni saradnik. Nastavni kadar je gotovo 100% kvalifikovan za izvo\u0111enje stru\u010dno &#8211; teorijske\u00a0 i prakti\u010dne\u00a0 nastave u skladu sa vrstom i tra\u017eenim profilom prema postoje\u0107em NPP.<\/p>\r\n\r\n\r\n\r\n<p style=\"text-align: justify;\">\u0160kolu poha\u0111a\u00a0 1156 u\u010denika, 735 u tehni\u010dkim \u0161kolama i 421 u stru\u010dnim \u0161kolama. U\u010denici su raspore\u0111eni u 46 odjeljenja, 28 tehni\u010dkih\u00a0 i 18 stru\u010dnih odjeljenja.<\/p>\r\n\r\n\r\n\r\n<p style=\"text-align: justify;\">Pored redovne, dopunske, dodatne, izborne, fakultativne nastave, u \u0161koli se realizuju\u00a0 i vannastavne aktivnosti\u00a0 kroz\u00a0 sekcije iz raznih oblasti (27). U\u010denici sa svojim mentorima u\u010destvuju na svim zna\u010dajnim takmi\u010denjima i smotrama dr\u017eavnog, federalnog, kantonalnog i op\u0107inskog karaktera.<\/p>\r\n\r\n\r\n\r\n<p class=\"has-text-align-left\" style=\"text-align: justify;\">\u0160kola je u reformi stru\u010dnog i tehni\u010dkog obrazovanja prihvatila PHARE-VET i EU VET program po standardima Evropske unije, u ve\u0107ini stru\u010dnih zvanja i zanimanja, kao i GTZ modularni program izra\u0111en u saradnji sa njema\u010dkom organizacijom GTZ za stru\u010dna zvanja Tehni\u010dar ra\u010dunarstva i Tehni\u010dar elektroenergetike kao i za zanimanje Autoelektri\u010dar.<\/p>\r\n\r\n\r\n\r\n<p style=\"text-align: justify;\">\u0160kola ostvaruje uspje\u0161nu saradnju sa Ministarstvom za obrazovanje i nauku TK, Pedago\u0161kim zavodom TK, lokalnom zajednicom i dr. Za uspje\u0161an odgojno-obrazovni rad, kulturnu i javnu djelatnost \u0161kole, visoke rezultate postignute u kulturno-umjetni\u010dkom stvarala\u0161tvu na nivou Kantona, kao i postignute zapa\u017eene rezultate na Festivalima rada tehni\u010dkih i stru\u010dnih \u0161kola BiH, \u0161kola je povodom Dana op\u0107ine dobila Op\u0107insko priznanje Plaketu \u201eZlatni zmaj\u201c.<\/p>\r\n","protected":false},"excerpt":{"rendered":"<p>Javna ustanova\u00a0Mje\u0161ovita srednja \u0161kola \u201eHasan Kiki\u0107\u201c Grada\u010dac\u00a0je savremena odgojno-obrazovna ustanova za stru\u010dno i tehni\u010dko obrazovanje mladih sa tradicijom dugom preko\u00a050 godina. Spajanjem Gimnazije \u201eHasan Kiki\u0107\u201c Grada\u010dac i isturenih odjeljenja \u0160kole u\u010denika u privredi i \u0161kole za prakti\u010dnu nastavu \u201eMladi radnik\u201c u Gra\u010danici\u00a0 &#8211; odjeljenje u Grada\u010dcu, januara 1974. godine je formiran Srednjo\u0161kolski centar \u201eHasan Kiki\u0107\u201c [&hellip;]<\/p>\n","protected":false},"author":1,"featured_media":0,"parent":0,"menu_order":0,"comment_status":"closed","ping_status":"closed","template":"template\/fullwidth.php","meta":{"_bbp_topic_count":0,"_bbp_reply_count":0,"_bbp_total_topic_count":0,"_bbp_total_reply_count":0,"_bbp_voice_count":0,"_bbp_anonymous_reply_count":0,"_bbp_topic_count_hidden":0,"_bbp_reply_count_hidden":0,"_bbp_forum_subforum_count":0,"footnotes":""},"class_list":["post-21","page","type-page","status-publish","hentry"],"yoast_head":"<!-- This site is optimized with the Yoast SEO plugin v26.0 - https:\/\/yoast.com\/wordpress\/plugins\/seo\/ -->\n<title>O \u0161koli - Mje\u0161ovita srednja \u0161kola &quot;Hasan Kiki\u0107&quot; Grada\u010dac<\/title>\n<meta name=\"robots\" content=\"index, follow, max-snippet:-1, max-image-preview:large, max-video-preview:-1\" \/>\n<link rel=\"canonical\" href=\"https:\/\/www.msshkg.com.ba\/index.php\/o-skoli\/\" \/>\n<meta property=\"og:locale\" content=\"bs_BA\" \/>\n<meta property=\"og:type\" content=\"article\" \/>\n<meta property=\"og:title\" content=\"O \u0161koli - Mje\u0161ovita srednja \u0161kola &quot;Hasan Kiki\u0107&quot; Grada\u010dac\" \/>\n<meta property=\"og:description\" content=\"Javna ustanova\u00a0Mje\u0161ovita srednja \u0161kola \u201eHasan Kiki\u0107\u201c Grada\u010dac\u00a0je savremena odgojno-obrazovna ustanova za stru\u010dno i tehni\u010dko obrazovanje mladih sa tradicijom dugom preko\u00a050 godina. Spajanjem Gimnazije \u201eHasan Kiki\u0107\u201c Grada\u010dac i isturenih odjeljenja \u0160kole u\u010denika u privredi i \u0161kole za prakti\u010dnu nastavu \u201eMladi radnik\u201c u Gra\u010danici\u00a0 &#8211; odjeljenje u Grada\u010dcu, januara 1974. godine je formiran Srednjo\u0161kolski centar \u201eHasan Kiki\u0107\u201c [&hellip;]\" \/>\n<meta property=\"og:url\" content=\"https:\/\/www.msshkg.com.ba\/index.php\/o-skoli\/\" \/>\n<meta property=\"og:site_name\" content=\"Mje\u0161ovita srednja \u0161kola &quot;Hasan Kiki\u0107&quot; Grada\u010dac\" \/>\n<meta property=\"article:modified_time\" content=\"2022-03-17T07:26:40+00:00\" \/>\n<meta property=\"og:image\" content=\"http:\/\/www.msshkg.com.ba\/wp-content\/uploads\/2021\/12\/MSSHK-300x228.jpg\" \/>\n<meta name=\"twitter:card\" content=\"summary_large_image\" \/>\n<meta name=\"twitter:label1\" content=\"Est. reading time\" \/>\n\t<meta name=\"twitter:data1\" content=\"2 minute\" \/>\n<script type=\"application\/ld+json\" class=\"yoast-schema-graph\">{\"@context\":\"https:\/\/schema.org\",\"@graph\":[{\"@type\":\"WebPage\",\"@id\":\"https:\/\/www.msshkg.com.ba\/index.php\/o-skoli\/\",\"url\":\"https:\/\/www.msshkg.com.ba\/index.php\/o-skoli\/\",\"name\":\"O \u0161koli - Mje\u0161ovita srednja \u0161kola &quot;Hasan Kiki\u0107&quot; Grada\u010dac\",\"isPartOf\":{\"@id\":\"https:\/\/www.msshkg.com.ba\/#website\"},\"primaryImageOfPage\":{\"@id\":\"https:\/\/www.msshkg.com.ba\/index.php\/o-skoli\/#primaryimage\"},\"image\":{\"@id\":\"https:\/\/www.msshkg.com.ba\/index.php\/o-skoli\/#primaryimage\"},\"thumbnailUrl\":\"http:\/\/www.msshkg.com.ba\/wp-content\/uploads\/2021\/12\/MSSHK-300x228.jpg\",\"datePublished\":\"2021-12-23T09:45:07+00:00\",\"dateModified\":\"2022-03-17T07:26:40+00:00\",\"breadcrumb\":{\"@id\":\"https:\/\/www.msshkg.com.ba\/index.php\/o-skoli\/#breadcrumb\"},\"inLanguage\":\"bs-BA\",\"potentialAction\":[{\"@type\":\"ReadAction\",\"target\":[\"https:\/\/www.msshkg.com.ba\/index.php\/o-skoli\/\"]}]},{\"@type\":\"ImageObject\",\"inLanguage\":\"bs-BA\",\"@id\":\"https:\/\/www.msshkg.com.ba\/index.php\/o-skoli\/#primaryimage\",\"url\":\"https:\/\/www.msshkg.com.ba\/wp-content\/uploads\/2021\/12\/MSSHK.jpg\",\"contentUrl\":\"https:\/\/www.msshkg.com.ba\/wp-content\/uploads\/2021\/12\/MSSHK.jpg\",\"width\":1565,\"height\":1191},{\"@type\":\"BreadcrumbList\",\"@id\":\"https:\/\/www.msshkg.com.ba\/index.php\/o-skoli\/#breadcrumb\",\"itemListElement\":[{\"@type\":\"ListItem\",\"position\":1,\"name\":\"Home\",\"item\":\"https:\/\/www.msshkg.com.ba\/\"},{\"@type\":\"ListItem\",\"position\":2,\"name\":\"O \u0161koli\"}]},{\"@type\":\"WebSite\",\"@id\":\"https:\/\/www.msshkg.com.ba\/#website\",\"url\":\"https:\/\/www.msshkg.com.ba\/\",\"name\":\"Mje\u0161ovita srednja \u0161kola &quot;Hasan Kiki\u0107&quot; Grada\u010dac\",\"description\":\"\",\"publisher\":{\"@id\":\"https:\/\/www.msshkg.com.ba\/#organization\"},\"potentialAction\":[{\"@type\":\"SearchAction\",\"target\":{\"@type\":\"EntryPoint\",\"urlTemplate\":\"https:\/\/www.msshkg.com.ba\/?s={search_term_string}\"},\"query-input\":{\"@type\":\"PropertyValueSpecification\",\"valueRequired\":true,\"valueName\":\"search_term_string\"}}],\"inLanguage\":\"bs-BA\"},{\"@type\":\"Organization\",\"@id\":\"https:\/\/www.msshkg.com.ba\/#organization\",\"name\":\"Mje\u0161ovita srednja \u0161kola &quot;Hasan Kiki\u0107&quot; Grada\u010dac\",\"url\":\"https:\/\/www.msshkg.com.ba\/\",\"logo\":{\"@type\":\"ImageObject\",\"inLanguage\":\"bs-BA\",\"@id\":\"https:\/\/www.msshkg.com.ba\/#\/schema\/logo\/image\/\",\"url\":\"https:\/\/www.msshkg.com.ba\/wp-content\/uploads\/2022\/01\/LogoWeb2.jpg\",\"contentUrl\":\"https:\/\/www.msshkg.com.ba\/wp-content\/uploads\/2022\/01\/LogoWeb2.jpg\",\"width\":150,\"height\":150,\"caption\":\"Mje\u0161ovita srednja \u0161kola &quot;Hasan Kiki\u0107&quot; Grada\u010dac\"},\"image\":{\"@id\":\"https:\/\/www.msshkg.com.ba\/#\/schema\/logo\/image\/\"}}]}<\/script>\n<!-- \/ Yoast SEO plugin. -->","yoast_head_json":{"title":"O \u0161koli - Mje\u0161ovita srednja \u0161kola &quot;Hasan Kiki\u0107&quot; Grada\u010dac","robots":{"index":"index","follow":"follow","max-snippet":"max-snippet:-1","max-image-preview":"max-image-preview:large","max-video-preview":"max-video-preview:-1"},"canonical":"https:\/\/www.msshkg.com.ba\/index.php\/o-skoli\/","og_locale":"bs_BA","og_type":"article","og_title":"O \u0161koli - Mje\u0161ovita srednja \u0161kola &quot;Hasan Kiki\u0107&quot; Grada\u010dac","og_description":"Javna ustanova\u00a0Mje\u0161ovita srednja \u0161kola \u201eHasan Kiki\u0107\u201c Grada\u010dac\u00a0je savremena odgojno-obrazovna ustanova za stru\u010dno i tehni\u010dko obrazovanje mladih sa tradicijom dugom preko\u00a050 godina. Spajanjem Gimnazije \u201eHasan Kiki\u0107\u201c Grada\u010dac i isturenih odjeljenja \u0160kole u\u010denika u privredi i \u0161kole za prakti\u010dnu nastavu \u201eMladi radnik\u201c u Gra\u010danici\u00a0 &#8211; odjeljenje u Grada\u010dcu, januara 1974. godine je formiran Srednjo\u0161kolski centar \u201eHasan Kiki\u0107\u201c [&hellip;]","og_url":"https:\/\/www.msshkg.com.ba\/index.php\/o-skoli\/","og_site_name":"Mje\u0161ovita srednja \u0161kola &quot;Hasan Kiki\u0107&quot; Grada\u010dac","article_modified_time":"2022-03-17T07:26:40+00:00","og_image":[{"url":"http:\/\/www.msshkg.com.ba\/wp-content\/uploads\/2021\/12\/MSSHK-300x228.jpg","type":"","width":"","height":""}],"twitter_card":"summary_large_image","twitter_misc":{"Est. reading time":"2 minute"},"schema":{"@context":"https:\/\/schema.org","@graph":[{"@type":"WebPage","@id":"https:\/\/www.msshkg.com.ba\/index.php\/o-skoli\/","url":"https:\/\/www.msshkg.com.ba\/index.php\/o-skoli\/","name":"O \u0161koli - Mje\u0161ovita srednja \u0161kola &quot;Hasan Kiki\u0107&quot; Grada\u010dac","isPartOf":{"@id":"https:\/\/www.msshkg.com.ba\/#website"},"primaryImageOfPage":{"@id":"https:\/\/www.msshkg.com.ba\/index.php\/o-skoli\/#primaryimage"},"image":{"@id":"https:\/\/www.msshkg.com.ba\/index.php\/o-skoli\/#primaryimage"},"thumbnailUrl":"http:\/\/www.msshkg.com.ba\/wp-content\/uploads\/2021\/12\/MSSHK-300x228.jpg","datePublished":"2021-12-23T09:45:07+00:00","dateModified":"2022-03-17T07:26:40+00:00","breadcrumb":{"@id":"https:\/\/www.msshkg.com.ba\/index.php\/o-skoli\/#breadcrumb"},"inLanguage":"bs-BA","potentialAction":[{"@type":"ReadAction","target":["https:\/\/www.msshkg.com.ba\/index.php\/o-skoli\/"]}]},{"@type":"ImageObject","inLanguage":"bs-BA","@id":"https:\/\/www.msshkg.com.ba\/index.php\/o-skoli\/#primaryimage","url":"https:\/\/www.msshkg.com.ba\/wp-content\/uploads\/2021\/12\/MSSHK.jpg","contentUrl":"https:\/\/www.msshkg.com.ba\/wp-content\/uploads\/2021\/12\/MSSHK.jpg","width":1565,"height":1191},{"@type":"BreadcrumbList","@id":"https:\/\/www.msshkg.com.ba\/index.php\/o-skoli\/#breadcrumb","itemListElement":[{"@type":"ListItem","position":1,"name":"Home","item":"https:\/\/www.msshkg.com.ba\/"},{"@type":"ListItem","position":2,"name":"O \u0161koli"}]},{"@type":"WebSite","@id":"https:\/\/www.msshkg.com.ba\/#website","url":"https:\/\/www.msshkg.com.ba\/","name":"Mje\u0161ovita srednja \u0161kola &quot;Hasan Kiki\u0107&quot; Grada\u010dac","description":"","publisher":{"@id":"https:\/\/www.msshkg.com.ba\/#organization"},"potentialAction":[{"@type":"SearchAction","target":{"@type":"EntryPoint","urlTemplate":"https:\/\/www.msshkg.com.ba\/?s={search_term_string}"},"query-input":{"@type":"PropertyValueSpecification","valueRequired":true,"valueName":"search_term_string"}}],"inLanguage":"bs-BA"},{"@type":"Organization","@id":"https:\/\/www.msshkg.com.ba\/#organization","name":"Mje\u0161ovita srednja \u0161kola &quot;Hasan Kiki\u0107&quot; Grada\u010dac","url":"https:\/\/www.msshkg.com.ba\/","logo":{"@type":"ImageObject","inLanguage":"bs-BA","@id":"https:\/\/www.msshkg.com.ba\/#\/schema\/logo\/image\/","url":"https:\/\/www.msshkg.com.ba\/wp-content\/uploads\/2022\/01\/LogoWeb2.jpg","contentUrl":"https:\/\/www.msshkg.com.ba\/wp-content\/uploads\/2022\/01\/LogoWeb2.jpg","width":150,"height":150,"caption":"Mje\u0161ovita srednja \u0161kola &quot;Hasan Kiki\u0107&quot; Grada\u010dac"},"image":{"@id":"https:\/\/www.msshkg.com.ba\/#\/schema\/logo\/image\/"}}]}},"_links":{"self":[{"href":"https:\/\/www.msshkg.com.ba\/index.php\/wp-json\/wp\/v2\/pages\/21","targetHints":{"allow":["GET"]}}],"collection":[{"href":"https:\/\/www.msshkg.com.ba\/index.php\/wp-json\/wp\/v2\/pages"}],"about":[{"href":"https:\/\/www.msshkg.com.ba\/index.php\/wp-json\/wp\/v2\/types\/page"}],"author":[{"embeddable":true,"href":"https:\/\/www.msshkg.com.ba\/index.php\/wp-json\/wp\/v2\/users\/1"}],"replies":[{"embeddable":true,"href":"https:\/\/www.msshkg.com.ba\/index.php\/wp-json\/wp\/v2\/comments?post=21"}],"version-history":[{"count":14,"href":"https:\/\/www.msshkg.com.ba\/index.php\/wp-json\/wp\/v2\/pages\/21\/revisions"}],"predecessor-version":[{"id":957,"href":"https:\/\/www.msshkg.com.ba\/index.php\/wp-json\/wp\/v2\/pages\/21\/revisions\/957"}],"wp:attachment":[{"href":"https:\/\/www.msshkg.com.ba\/index.php\/wp-json\/wp\/v2\/media?parent=21"}],"curies":[{"name":"wp","href":"https:\/\/api.w.org\/{rel}","templated":true}]}}